s 90803 a prime number?
True
Is 353489 a prime number?
True
Is 213973 a composite number?
False
Is 400837 a prime number?
True
Is 737 a prime number?
False
Is 205969 a composite number?
True
Is 284029 a composite number?
True
Is 14969 a prime number?
True
Is 2055349 composite?
True
Is 12695 composite?
True
Is 162059 a composite number?
False
Is 71053 a prime number?
False
Is 75557 a composite number?
False
Is 16871 a prime number?
True
Is 2339191 a prime number?
True
Is 21003 composite?
True
Is 324511 a prime number?
False
Is 70127 a composite number?
True
Is 477259 a prime number?
True
Is 91313 a composite number?
True
Is 19693 a composite number?
True
Is 247255 a prime number?
False
Is 8782 a composite number?
True
Is 755855 composite?
True
Is 69421 a composite number?
True
Is 28961 prime?
True
Is 576301 a composite number?
True
Is 9451 a composite number?
True
Is 976271 composite?
False
Is 254846 a composite number?
True
Is 65027 prime?
True
Is 3671 a composite number?
False
Is 33179 composite?
False
Is 6289 a composite number?
True
Is 27139 a composite number?
True
Is 25733 a composite number?
False
Is 70706 a composite number?
True
Is 6131 a composite number?
False
Is 193789 a prime number?
True
Is 86902 composite?
True
Is 1638547 a composite number?
False
Is 1187 a prime number?
True
Is 33547 composite?
False
Is 5919 prime?
False
Is 49253 a composite number?
False
Is 15073 prime?
True
Is 450703 prime?
False
Is 17431 a prime number?
True
Is 122741 a prime number?
True
Is 2899 prime?
False
Is 65479 prime?
True
Is 181813 prime?
True
Is 31877 prime?
False
Is 164347 composite?
True
Is 500519 a composite number?
False
Is 1318459 composite?
False
Is 3383 composite?
True
Is 1273 composite?
True
Is 489613 composite?
False
Is 2941 composite?
True
Is 7121 composite?
False
Is 30553 composite?
False
Is 132289 prime?
False
Is 3989 prime?
True
Is 354911 prime?
True
Is 6257 a composite number?
False
Is 14359 prime?
False
Is 12391 composite?
False
Is 15623 a composite number?
True
Is 377801 prime?
True
Is 25199 composite?
True
Is 71259 a composite number?
True
Is 615367 prime?
True
Is 11887 prime?
True
Is 33277 a prime number?
False
Is 41918 a prime number?
False
Is 1678567 a composite number?
True
Is 530201 a composite number?
True
Is 209003 a prime number?
False
Is 114941 a composite number?
False
Is 152666 a composite number?
True
Is 58309 composite?
False
Is 13229 composite?
False
Is 73417 prime?
True
Is 54847 composite?
True
Is 331 a composite number?
False
Is 476285 a prime number?
False
Is 10519 a composite number?
True
Is 234317 composite?
False
Is 67223 a prime number?
False
Is 16909 prime?
False
Is 7069 composite?
False
Is 12311 composite?
True
Is 256673 prime?
False
Is 5447 a composite number?
True
Is 147669 a composite number?
True
Is 131951 prime?
False
Is 427417 prime?
True
Is 10301 composite?
False
Is 619471 composite?
False
Is 1250839 a composite number?
False
Is 319 a prime number?
False
Is 4687 a prime number?
False
Is 223969 a prime number?
True
Is 2789 prime?
True
Is 116947 a prime number?
False
Is 596759 composite?
True
Is 54685 prime?
False
Is 79939 a prime number?
True
Is 255313 prime?
True
Is 57841 a prime number?
False
Is 2459 a composite number?
False
Is 369093 a prime number?
False
Is 10609705 composite?
True
Is 6509 a composite number?
True
Is 22205 prime?
False
Is 11369 a prime number?
True
Is 10529 a composite number?
False
Is 1521547 a composite number?
False
Is 211 a prime number?
True
Is 16499 a prime number?
False
Is 953 prime?
True
Is 347887 a composite number?
False
Is 2393 prime?
True
Is 2767 a prime number?
True
Is 3389 a composite number?
False
Is 38293 composite?
True
Is 34123 composite?
False
Is 4591 prime?
True
Is 1123426 a prime number?
False
Is 594551 a prime number?
True
Is 11383 a prime number?
True
Is 428601 composite?
True
Is 1385 composite?
True
Is 27663 a composite number?
True
Is 60739 composite?
True
Is 15937 a composite number?
False
Is 42491 a composite number?
False
Is 21382 composite?
True
Is 500861 composite?
False
Is 316877 a composite number?
True
Is 11197 a composite number?
False
Is 1353011 prime?
False
Is 20849 a prime number?
True
Is 41155 prime?
False
Is 521 prime?
True
Is 860239 a prime number?
True
Is 24191 composite?
True
Is 64919 a prime number?
True
Is 140531 composite?
True
Is 74615 prime?
False
Is 27847 a composite number?
False
Is 41467 prime?
True
Is 26867 a prime number?
False
Is 72613 prime?
True
Is 20771 composite?
False
Is 3937 a prime number?
False
Is 155587 prime?
False
Is 8743 a composite number?
True
Is 3046 composite?
True
Is 1171 prime?
True
Is 153841 prime?
True
Is 1383 a prime number?
False
Is 269 a composite number?
False
Is 99469 a composite number?
False
Is 2785 prime?
False
Is 153581 a composite number?
True
Is 1772599 a composite number?
True
Is 65287 composite?
False
Is 215471 composite?
False
Is 277159 composite?
True
Is 286987 prime?
True
Is 31883 composite?
False
Is 727937 composite?
True
Is 3457 a prime number?
True
Is 8409 a composite number?
True
Is 55289 composite?
True
Is 61549 a prime number?
False
Is 1158238 composite?
True
Is 287731 a composite number?
False
Is 1163 composite?
False
Is 93923 prime?
True
Is 78041 a prime number?
True
Is 7993 prime?
True
Is 456443 a prime number?
False
Is 152981 a prime number?
True
Is 2153 a composite number?
False
Is 8654 composite?
True
Is 979 composite?
True
Is 46979 a prime number?
False
Is 2611 prime?
False
Is 4103 a composite number?
True
Is 65077 prime?
False
Is 378671 a composite number?
False
Is 47707 composite?
True
Is 4561 a composite number?
False
Is 1552139 prime?
False
Is 4177 composite?
False
Is 5251 prime?
False
Is 3337 a composite number?
True
Is 51871 a composite number?
False
Is 318469 composite?
True
Is 71513 prime?
False
Is 3083597 composite?
True
Is 582011 prime?
True
Is 520193 prime?
True
Is 152657 a composite number?
False
Is 140659 a prime number?
True
Is 1242503 prime?
True
Is 132989 prime?
True
Is 96043 prime?
True
Is 193663 a prime number?
True
Is 35759 a prime number?
True
Is 3457 composite?
False
Is 103601 composite?
True
Is 1525669 a composite number?
False
Is 4611851 composite?
True
Is 88897 a prime number?
True
Is 37427 prime?
False
Is 15391 composite?
False
Is 135389 composite?
False
Is 6311 composite?
False
Is 77299 prime?
False
Is 269489 composite?
True
Is 68041 a prime number?
True
Is 621289 a composite number?
False
Is 10261 composite?
True
Is 28343 a composite number?
True
Is 46823 composite?
True
Is 2053 a prime number?
True
Is 35023 a composite number?
False
Is 11113 composite?
False
Is 52103 prime?
True
Is 850069 composite?
True
Is 61781 a composite number?
False
Is 31163 composite?
True
Is 5039 composite?
False
Is 42259 prime?
False
Is 4303 a composite number?
True
Is 1693 a composite number?
False
Is 3953 a composite number?
True
Is 11293 prime?
False
Is 28789 a composite number?
False
Is 62353 composite?
True
Is 24571 a composite number?
False
Is 208419 a prime number?
False
Is 187123 a composite number?
False
Is 8705 a composite number?
True
Is 1260401 composite?
False
Is 44423 a prime number?
False
Is 89461 a prime number?
False
Is 89773 composite?
True
Is 142895 a prime number?
False
Is 147521 a prime number?
False
Is 9233 a composite number?
True
Is 18254 a prime number?
False
Is 7607 prime?
True
Is 871033 a prime number?
False
Is 973099 a prime number?
True
Is 131101 prime?
True
Is 252001 prime?
True
Is 85991 a prime number?
True
Is 8947 composite?
True
Is 56629 a prime number?
True
Is 20854 composite?
True
Is 1805629 prime?
False
Is 4201 a prime number?
True
Is 34909 prime?
False
Is 3863 a prime number?
True
Is 1377401 a composite number?
True
Is 9893 a composite number?
True
Is 702937 a prime number?
True
Is 31601 a prime number?
True
Is 16143 a composite number?
True
Is 51647 prime?
True
Is 246343 a prime number?
True
Is 194189 a composite number?
True
Is 790301 a prime number?
False
Is 9469 a composite number?
True
Is 3119 a prime number?
True
Is 221047 prime?
True
Is 21751 prime?
True
Is 3155 composite?
True
Is 649319 a composite number?
True
Is 6767 prime?
False
Is 14849 composite?
True
Is 13253 a prime number?
False
Is 187097 a composite number?
True
Is 252917 